+ 3*r. What is the tens digit of (-4 - o) + 38 + -2?
3
Let v(d) = 5*d - 25. Let r be v(8). Suppose 0 = -20*c + r*c + 630. What is the units digit of c?
6
Let r = 1784 + -625. What is the thousands digit of r?
1
Suppose -169764 = -82*m - 4*m. What is the hundreds digit of m?
9
Let s = 313 + 183. Let k = -260 + s. What is the units digit of k?
6
What is the units digit of (-58048)/40*(65/(-10) + 4)?
8
Let k(y) = 19*y**3 - y**2 + 59*y - 287. What is the units digit of k(5)?
8
Suppose 247 = 22*n - 193. What is the tens digit of n?
2
Let o(v) = -v**3 + v**2 - 1. Let p(t) = -5*t**3 - 4*t**2 + 11*t - 7. Let j(k) = -6*o(k) + p(k). What is the tens digit of j(9)?
1
Let l = 8 + -8. Suppose 2*i + 5*c + 5 = l, -5*c + 7 = -2*i - 8. Let p = i - -7. What is the units digit of p?
2
Suppose -5*g - 3*r = -0*g + 346, g - r = -66. Let m = -26 + g. Let b = -39 - m. What is the units digit of b?
5
Let r(j) = 3*j**2 - j + 2. Let x be r(1). Let m(n) = -8 - x*n + 3*n + 28. What is the units digit of m(-14)?
4
Let z = 1 + 0. Let o(x) = 2*x**2 - 20*x - 19. Let i be o(11). Let v = i + z. What is the units digit of v?
4
Let m(l) = 319*l + 123. What is the units digit of m(4)?
9
Let g(q) = -3 + 0 + 10*q + 0 - 4. What is the units digit of g(3)?
3
Suppose m - 2*m = -2*a + 18, -3*a + 16 = 4*m. Suppose a*s - 20 = 6*s. What is the tens digit of s?
1
What is the units digit of 12/(-114) + 0 - (-19614)/57?
4
Let b(r) = -r**3 - 1. Let i be b(-1). Let l = -5 + 28. Suppose i = -t + l + 12. What is the units digit of t?
5
Suppose -3*a = -4*d + 14, 2*a - 6*d + 6 = -4*d. Let z = 3 + a. Suppose -3*j + z*j = 92. What is the tens digit of j?
4
Let r = 211 - -135. What is the hundreds digit of r?
3
Let g be ((-354)/(-4) + 4)*(-2)/(-1). Suppose -9*c + 8*c = -g. What is the tens digit of c?
8
Let x(v) be the third derivative of -v**4/24 - v**3/6 - v**2. Let l be x(-1). Suppose -2*s = k - 47, l = 3*k + 4 + 5. What is the units digit of s?
5
Let m(n) = -2*n**3 - 12*n**2 - 18*n - 11. What is the tens digit of m(-7)?
1
Suppose -3*z = -5*n + 6, z + 3*z = -2*n + 18. Let c = n + 3. Suppose -c*v + 15 = 3. What is the units digit of v?
2
Suppose -3*g - 2*f + 2 = 0, -6 = 2*g - g + 4*f. Let v(u) = -u**2 + 2*u**g - 3*u + u + 0*u. What is the units digit of v(-4)?
4
Suppose -4*u + 1516 = 4*x, x - 404 = u + 3*u. What is the tens digit of x?
8
What is the tens digit of (-5 - -1185)/(2/1)?
9
Suppose -5*f - 3*h + h = -2, 4 = 5*f + 4*h. Suppose -2*b = -m + 53, -5*m + 5*b + 260 = -f*m. What is the units digit of m?
1
Let n(o) be the first derivative of o**4/4 - o**3/3 + o**2/2 + 4*o + 5. What is the units digit of n(0)?
4
Let y = -15 + -10. Let j = 130 - 89. Let a = j + y. What is the tens digit of a?
1
Suppose 0 = -0*i + 9*i + 45. Suppose 4*a + 15 = 3*w - 7, 2*a + 3*w + 2 = 0. What is the units digit of (1 - a)*(-4)/i?
4
Let u(l) = -l**3 + 2*l**2 + 3*l + 2. Let j(o) = 4*o - 5. Let n be j(2). Let q be u(n). Suppose -28 = -q*k - 0*k. What is the units digit of k?
4
Suppose 5 = 2*s + w, 8*w + 4 = 4*w. Suppose -1 = b - 6. Suppose v = s*n + b - 1, -v + 4*n = 1. What is the tens digit of v?
1
Let v = 9 + -2. Suppose v + 11 = 3*n. Let u = 24 - n. What is the tens digit of u?
1
Suppose -a - 139 = -l, 0 = 3*l - 13*a + 11*a - 416. What is the units digit of l?
8
Suppose 5*b = -4*f - 28, -f + 9 = -5*b - 9. What is the units digit of (-8 - -9)/(f/(-98))?
9
Suppose -k = -6*k - 1160. Let o = k - -348. What is the tens digit of o?
1
Let a(p) = -89*p - 1. Suppose 2*m = u + u, -8 = 4*m + 4*u. What is the units digit of a(m)?
8
What is the tens digit of (-2)/6*24/(-16)*2972?
8
Let z = 256 - -734. What is the hundreds digit of z?
9
Let s(j) = 2*j**2 + 20*j + 9. Let d be s(-13). Let k = d + 118. What is the tens digit of k?
0
Let m(q) = -15*q**3 + 6*q**2 + 6*q + 47. What is the tens digit of m(-5)?
4
Suppose 3 = -7*r + 17. Suppose r*s + 3 = 5*s. What is the units digit of s/2 - 220/(-8)?
8
Suppose -r - 76 = -5*y, -3*r - 29 = -3*y + 19. Let m be (10/(-15))/(3/18). Let o = y - m. What is the units digit of o?
9
Let j = 1151 - 807. What is the units digit of j?
4
Suppose 367 = j + 5*m - 69, -3*m = -4*j + 1675. Suppose 4*r - 560 = 4*v - 0*v, 0 = 3*r - 2*v - j. What is the units digit of r?
1
Let w(r) = -r**3 - 13*r**2 + 13*r + 6. Let m be w(-14). What is the tens digit of m/90 - 284/(-18)?
1
Suppose -6*x + 2*a + 1770 = -3*x, -2*x + 1180 = -3*a. What is the tens digit of x?
9
Let m(v) = -2*v**3 - 5*v**2 - 3*v - 3. Let a be m(-3). Suppose 0 = 2*x + x - a. Suppose x*s + 5*b = 95, 6 = -5*b + 16. What is the units digit of s?
7
Let q(f) = -294*f - 13. What is the units digit of q(-2)?
5
Let h(s) = 6*s**2 + 18*s + 23. What is the tens digit of h(-4)?
4
Let v(i) = 7*i**2 + 31*i + 165. What is the hundreds digit of v(-9)?
4
Let a be (-666)/(-15) + 3/5. What is the units digit of (-13 - -11) + a*1?
3
Let q be (-9)/4*(-3 + (-6)/(-18)). Let z(v) = 29*v + 47. What is the units digit of z(q)?
1
Let j(y) be the third derivative of y**5/5 - 5*y**4/24 - 13*y**3/6 + 19*y**2. What is the units digit of j(-3)?
0
Suppose 0 = -4*m + 2*r + 8, -2*m - m - 4*r = -17. Let v = m - 0. What is the units digit of v?
3
Let k(n) = -n**3 - 16*n**2 + 32*n + 27. What is the hundreds digit of k(-19)?
5
Let z(k) = 9*k**3 - k**2 + 4*k + 4. Let f be z(-1). Let d(p) = p**2 + 10*p - 10. Let s(w) = w - 1. Let j(x) = d(x) - 2*s(x). What is the tens digit of j(f)?
1
Suppose 19*a - 16*a = 2754. What is the units digit of a?
8
Suppose 0*h = h + 5*y + 8, -2*y + 6 = 5*h. Suppose -2*f = h*f - 20. Suppose -8 = -4*u, -f*u - 2 = -2*o + o. What is the tens digit of o?
1
Suppose -20 = -4*m, -2*b + 2*m - 1486 = -3674. What is the hundreds digit of b?
0
Suppose 0 = 16*z - 12*z - 32. Suppose -81 = 3*d - z*d + 3*g, -4*g = 8. What is the tens digit of d?
1
Suppose 3*q + s - 3696 = 0, -4*q - s + 3158 = -1771. What is the units digit of q?
3
Let q be 9/6*20/6. Suppose -3*h - 90 = 3*i, -2*h + q*i - 40 = 34. Let b = 12 - h. What is the units digit of b?
4
Suppose 2*b = -2*b - 5*v + 2, 5*b - 2*v - 19 = 0. Suppose -s - 3*d = -72, -2*d - d + 204 = b*s. Let t = s + -33. What is the tens digit of t?
3
Let w = 38 - 149. Let g = -63 - w. What is the tens digit of g?
4
Let d(a) = -34*a - 9. Let w be d(-5). Suppose -3*f + 5*x - w = 0, 3*x = -4*f + 2*f - 101. Let i = f + 87. What is the units digit of i?
5
Let w(k) = -12*k + 467. What is the units digit of w(-17)?
1
Let z(p) = -p**3 + 6*p**2 + 9*p + 4. Let y be z(7). Let h = 24 + 21. Let g = h - y. What is the units digit of g?
7
Suppose -1 = 2*m - 4*f + 1, 0 = -4*m - f + 23. Suppose 4*n + 19 = m*n. Suppose -17 - n = -2*p - 3*q, -5*p + 2*q + 109 = 0. What is the units digit of p?
1
Suppose v - 4*u = -3*u + 463, 2*u - 6 = 0. What is the tens digit of v?
6
Suppose 0 = g + 2*c - c - 16, 3*c - 16 = -g. Let a = g - 11. Suppose -6*p = -2*p - a*z - 164, 4*z = 4*p - 164. What is the units digit of p?
1
Let w(f) = -f**3 - 11*f**2 + 35*f + 26. Let t be w(-14). Suppose -384 = -5*g + 2*g - 3*h, 0 = -g + 3*h + t. What is the units digit of g?
7
Suppose 3*h = -5*z - 0*h + 1070, 214 = z + 3*h. What is the tens digit of z?
1
Let s = 286 + -118. Suppose s = 4*w + 64. What is the tens digit of w?
2
Suppose x - m + 4*m = 330, -5*m - 1690 = -5*x. Suppose -20*z = -28*z + x. What is the units digit of z?
2
Let v be (18/30)/((-3)/(-15)). Suppose -4*k = -0*s + s - 181, v*s - 557 = 2*k. Let p = s - 124. What is the units digit of p?
1
Let d(g) = 2*g**3 + 2*g + 79. Suppose 5 = 6*b + 5. What is the units digit of d(b)?
9
Let u = 498 + -496. Let f(b) = b**2 - 2*b + 3. Let h be f(2). Suppose u*m + 55 = h*m. What is the units digit of m?
5
Let s = 104 - 10. Suppose l - s = -38. Suppose -2*h = 2*v - l, 4*v + h = -4*h + 107. What is the tens digit of v?
3
Let b(i) = i**2 - 3*i. Let d be b(4). Suppose -d*k - 48 = -2*m - 2*m, 4*m - 48 = 5*k. What is the units digit of ((-3)/(-2))/(m/272)?
4
Suppose 3*m + 0 = -12. Let b be (-45)/6*m/(-5). What is the units digit of (-33)/(b*(-4)/(-32))?
4
Suppose 3*u + 99 = 4*u - 2*m, 0 = 5*u + 5*m - 450. Suppose 5*k = 2*k + u. What is the units digit of k?
1
Suppose 8*m = 845 + 1051. What is the hundreds digit of m?
2
Let b(u) = -30*u + 26. What is the units digit of b(-13)?
6
Let q = 5 + -7. Let r be (-1050)/(-9) - q/(-3). What is the units digit 